[INFO] cloning repository https://github.com/ellipticoin/rust-mock-ellipticoin
[INFO] running `Command { std: "git" "-c" "credential.helper=" "-c" "credential.helper=/workspace/cargo-home/bin/git-credential-null" "clone" "--bare" "https://github.com/ellipticoin/rust-mock-ellipticoin" "/workspace/cache/git-repos/https%3A%2F%2Fgithub.com%2Fellipticoin%2Frust-mock-ellipticoin", kill_on_drop: false }`
[INFO] [stderr] Cloning into bare repository '/workspace/cache/git-repos/https%3A%2F%2Fgithub.com%2Fellipticoin%2Frust-mock-ellipticoin'...
[INFO] running `Command { std: "git" "rev-parse" "HEAD", kill_on_drop: false }`
[INFO] [stdout] 2a256a8a777715f93cce56d2cd64295eae728aca
[INFO] checking ellipticoin/rust-mock-ellipticoin against master#af3c6e733a40e671550e0f0f5aeecaa13772ba56 for pr-74989
[INFO] running `Command { std: "git" "clone" "/workspace/cache/git-repos/https%3A%2F%2Fgithub.com%2Fellipticoin%2Frust-mock-ellipticoin" "/workspace/builds/worker-14/source", kill_on_drop: false }`
[INFO] [stderr] Cloning into '/workspace/builds/worker-14/source'...
[INFO] [stderr] done.
[INFO] validating manifest of git repo https://github.com/ellipticoin/rust-mock-ellipticoin on toolchain af3c6e733a40e671550e0f0f5aeecaa13772ba56
[INFO] running `Command { std: "/workspace/cargo-home/bin/cargo" "+af3c6e733a40e671550e0f0f5aeecaa13772ba56" "read-manifest" "--manifest-path" "Cargo.toml", kill_on_drop: false }`
[INFO] started tweaking git repo https://github.com/ellipticoin/rust-mock-ellipticoin
[INFO] removed path dependency ellipticoin from git repo https://github.com/ellipticoin/rust-mock-ellipticoin
[INFO] removed path dependency wasm-rpc from git repo https://github.com/ellipticoin/rust-mock-ellipticoin
[INFO] removed path dependency wasm-rpc-macros from git repo https://github.com/ellipticoin/rust-mock-ellipticoin
[INFO] finished tweaking git repo https://github.com/ellipticoin/rust-mock-ellipticoin
[INFO] tweaked toml for git repo https://github.com/ellipticoin/rust-mock-ellipticoin written to /workspace/builds/worker-14/source/Cargo.toml
[INFO] crate git repo https://github.com/ellipticoin/rust-mock-ellipticoin already has a lockfile, it will not be regenerated
[INFO] running `Command { std: "/workspace/cargo-home/bin/cargo" "+af3c6e733a40e671550e0f0f5aeecaa13772ba56" "fetch" "--locked" "--manifest-path" "Cargo.toml", kill_on_drop: false }`
[INFO] [stderr] warning: dependency (ellipticoin) specified without providing a local path, Git repository, or version to use. This will be considered an error in future versions
[INFO] [stderr] warning: dependency (wasm-rpc) specified without providing a local path, Git repository, or version to use. This will be considered an error in future versions
[INFO] [stderr] warning: dependency (wasm-rpc-macros) specified without providing a local path, Git repository, or version to use. This will be considered an error in future versions
[INFO] [stderr] error: the lock file /workspace/builds/worker-14/source/Cargo.lock needs to be updated but --locked was passed to prevent this
[INFO] [stderr] If you want to try to generate the lock file without accessing the network, use the --offline flag.
[INFO] the lockfile is outdated, regenerating it
[INFO] running `Command { std: "/workspace/cargo-home/bin/cargo" "+af3c6e733a40e671550e0f0f5aeecaa13772ba56" "generate-lockfile" "--manifest-path" "Cargo.toml" "-Zno-index-update", kill_on_drop: false }`
[INFO] running `Command { std: "/workspace/cargo-home/bin/cargo" "+af3c6e733a40e671550e0f0f5aeecaa13772ba56" "fetch" "--locked" "--manifest-path" "Cargo.toml", kill_on_drop: false }`
[INFO] [stderr] warning: dependency (ellipticoin) specified without providing a local path, Git repository, or version to use. This will be considered an error in future versions
[INFO] [stderr] warning: dependency (wasm-rpc) specified without providing a local path, Git repository, or version to use. This will be considered an error in future versions
[INFO] [stderr] warning: dependency (wasm-rpc-macros) specified without providing a local path, Git repository, or version to use. This will be considered an error in future versions
[INFO] [stderr]     Blocking waiting for file lock on package cache
[INFO] running `Command { std: "docker" "create" "-v" "/var/lib/crater-agent-workspace/builds/worker-14/target:/opt/rustwide/target:rw,Z" "-v" "/var/lib/crater-agent-workspace/builds/worker-14/source:/opt/rustwide/workdir:ro,Z" "-v" "/var/lib/crater-agent-workspace/cargo-home:/opt/rustwide/cargo-home:ro,Z" "-v" "/var/lib/crater-agent-workspace/rustup-home:/opt/rustwide/rustup-home:ro,Z" "-e" "SOURCE_DIR=/opt/rustwide/workdir" "-e" "CARGO_TARGET_DIR=/opt/rustwide/target" "-e" "CARGO_HOME=/opt/rustwide/cargo-home" "-e" "RUSTUP_HOME=/opt/rustwide/rustup-home" "-w" "/opt/rustwide/workdir" "-m" "1610612736" "--user" "0:0" "--network" "none" "rustops/crates-build-env@sha256:d92eaeed33fa75130ca1ee6c8a01d1ffb62bac859dfdfb3450e3e5d1c0146529" "/opt/rustwide/cargo-home/bin/cargo" "+af3c6e733a40e671550e0f0f5aeecaa13772ba56" "metadata" "--no-deps" "--format-version=1", kill_on_drop: false }`
[INFO] [stdout] e427051fab1700c0bc4572e8db90638977db0643c567c40a3666b9cd1f52d766
[INFO] [stderr] WARNING: Your kernel does not support swap limit capabilities or the cgroup is not mounted. Memory limited without swap.
[INFO] running `Command { std: "docker" "start" "-a" "e427051fab1700c0bc4572e8db90638977db0643c567c40a3666b9cd1f52d766", kill_on_drop: false }`
[INFO] running `Command { std: "docker" "inspect" "e427051fab1700c0bc4572e8db90638977db0643c567c40a3666b9cd1f52d766", kill_on_drop: false }`
[INFO] running `Command { std: "docker" "rm" "-f" "e427051fab1700c0bc4572e8db90638977db0643c567c40a3666b9cd1f52d766", kill_on_drop: false }`
[INFO] [stdout] e427051fab1700c0bc4572e8db90638977db0643c567c40a3666b9cd1f52d766
[INFO] running `Command { std: "docker" "create" "-v" "/var/lib/crater-agent-workspace/builds/worker-14/target:/opt/rustwide/target:rw,Z" "-v" "/var/lib/crater-agent-workspace/builds/worker-14/source:/opt/rustwide/workdir:ro,Z" "-v" "/var/lib/crater-agent-workspace/cargo-home:/opt/rustwide/cargo-home:ro,Z" "-v" "/var/lib/crater-agent-workspace/rustup-home:/opt/rustwide/rustup-home:ro,Z" "-e" "SOURCE_DIR=/opt/rustwide/workdir" "-e" "CARGO_TARGET_DIR=/opt/rustwide/target" "-e" "CARGO_INCREMENTAL=0" "-e" "RUST_BACKTRACE=full" "-e" "RUSTFLAGS=--cap-lints=forbid" "-e" "CARGO_HOME=/opt/rustwide/cargo-home" "-e" "RUSTUP_HOME=/opt/rustwide/rustup-home" "-w" "/opt/rustwide/workdir" "-m" "1610612736" "--user" "0:0" "--network" "none" "rustops/crates-build-env@sha256:d92eaeed33fa75130ca1ee6c8a01d1ffb62bac859dfdfb3450e3e5d1c0146529" "/opt/rustwide/cargo-home/bin/cargo" "+af3c6e733a40e671550e0f0f5aeecaa13772ba56" "check" "--frozen" "--all" "--all-targets" "--message-format=json", kill_on_drop: false }`
[INFO] [stderr] WARNING: Your kernel does not support swap limit capabilities or the cgroup is not mounted. Memory limited without swap.
[INFO] [stdout] 20d5b35c34ffa699daf26ad9fb204c58c3dafa598b815916d42be9b59749d954
[INFO] running `Command { std: "docker" "start" "-a" "20d5b35c34ffa699daf26ad9fb204c58c3dafa598b815916d42be9b59749d954", kill_on_drop: false }`
[INFO] [stderr] warning: dependency (ellipticoin) specified without providing a local path, Git repository, or version to use. This will be considered an error in future versions
[INFO] [stderr] warning: dependency (wasm-rpc) specified without providing a local path, Git repository, or version to use. This will be considered an error in future versions
[INFO] [stderr] warning: dependency (wasm-rpc-macros) specified without providing a local path, Git repository, or version to use. This will be considered an error in future versions
[INFO] [stderr]    Compiling proc-macro2 v1.0.21
[INFO] [stderr]    Compiling syn v1.0.40
[INFO] [stderr]    Compiling serde_derive v1.0.116
[INFO] [stderr]    Compiling serde v1.0.116
[INFO] [stderr]     Checking half v1.6.0
[INFO] [stderr]    Compiling quote v1.0.7
[INFO] [stderr]    Compiling wasm-rpc-macros v0.2.16
[INFO] [stderr]     Checking serde_cbor v0.11.1
[INFO] [stderr]     Checking serde_bytes v0.11.5
[INFO] [stderr]     Checking wasm-rpc v0.2.16
[INFO] [stderr]     Checking ellipticoin-mock-api v0.1.3
[INFO] [stderr]     Checking ellipticoin-api v0.0.2
[INFO] [stdout] error[E0432]: unresolved imports `wasm_rpc::Bytes`, `wasm_rpc::Dereferenceable`, `wasm_rpc::FromBytes`, `wasm_rpc::Referenceable`, `wasm_rpc::ToBytes`, `wasm_rpc::Value`
[INFO] [stdout]  --> /opt/rustwide/cargo-home/registry/src/github.com-1ecc6299db9ec823/ellipticoin-api-0.0.2/src/lib.rs:5:20
[INFO] [stdout]   |
[INFO] [stdout] 5 | pub use wasm_rpc::{Bytes, Dereferenceable, FromBytes, Referenceable, ToBytes, Value};
[INFO] [stdout]   |                    ^^^^^  ^^^^^^^^^^^^^^^  ^^^^^^^^^  ^^^^^^^^^^^^^  ^^^^^^^  ^^^^^ no `Value` in the root
[INFO] [stdout]   |                    |      |                |          |              |
[INFO] [stdout]   |                    |      |                |          |              no `ToBytes` in the root
[INFO] [stdout]   |                    |      |                |          no `Referenceable` in the root
[INFO] [stdout]   |                    |      |                no `FromBytes` in the root
[INFO] [stdout]   |                    |      no `Dereferenceable` in the root
[INFO] [stdout]   |                    no `Bytes` in the root
[INFO] [stdout] 
[INFO] [stdout] 
[INFO] [stdout] error[E0425]: cannot find function `from_slice` in crate `wasm_rpc`
[INFO] [stdout]    --> /opt/rustwide/cargo-home/registry/src/github.com-1ecc6299db9ec823/ellipticoin-api-0.0.2/src/lib.rs:122:49
[INFO] [stdout]     |
[INFO] [stdout] 122 |             let return_value: Value = wasm_rpc::from_slice(return_value_bytes).expect("failed to parse return_value");
[INFO] [stdout]     |                                                 ^^^^^^^^^^ not found in `wasm_rpc`
[INFO] [stdout]     |
[INFO] [stdout] help: consider importing this function
[INFO] [stdout]     |
[INFO] [stdout] 5   | use wasm_rpc::serde_cbor::from_slice;
[INFO] [stdout]     |
[INFO] [stdout] 
[INFO] [stdout] 
[INFO] [stdout] error: aborting due to 2 previous errors
[INFO] [stdout] 
[INFO] [stdout] 
[INFO] [stdout] Some errors have detailed explanations: E0425, E0432.
[INFO] [stdout] 
[INFO] [stdout] For more information about an error, try `rustc --explain E0425`.
[INFO] [stdout] 
[INFO] [stderr] error: could not compile `ellipticoin-api`.
[INFO] [stderr] 
[INFO] [stderr] To learn more, run the command again with --verbose.
[INFO] [stderr] warning: build failed, waiting for other jobs to finish...
[INFO] [stdout] error[E0432]: unresolved imports `wasm_rpc::Bytes`, `wasm_rpc::FromBytes`, `wasm_rpc::ToBytes`, `wasm_rpc::Value`
[INFO] [stdout]  --> /opt/rustwide/cargo-home/registry/src/github.com-1ecc6299db9ec823/ellipticoin-mock-api-0.1.3/src/lib.rs:7:20
[INFO] [stdout]   |
[INFO] [stdout] 7 | pub use wasm_rpc::{Bytes, FromBytes, ToBytes, Value};
[INFO] [stdout]   |                    ^^^^^  ^^^^^^^^^  ^^^^^^^  ^^^^^ no `Value` in the root
[INFO] [stdout]   |                    |      |          |
[INFO] [stdout]   |                    |      |          no `ToBytes` in the root
[INFO] [stdout]   |                    |      no `FromBytes` in the root
[INFO] [stdout]   |                    no `Bytes` in the root
[INFO] [stdout] 
[INFO] [stdout] 
[INFO] [stdout] error: aborting due to previous error
[INFO] [stdout] 
[INFO] [stdout] 
[INFO] [stdout] For more information about this error, try `rustc --explain E0432`.
[INFO] [stdout] 
[INFO] [stderr] error: build failed
[INFO] running `Command { std: "docker" "inspect" "20d5b35c34ffa699daf26ad9fb204c58c3dafa598b815916d42be9b59749d954", kill_on_drop: false }`
[INFO] running `Command { std: "docker" "rm" "-f" "20d5b35c34ffa699daf26ad9fb204c58c3dafa598b815916d42be9b59749d954", kill_on_drop: false }`
[INFO] [stdout] 20d5b35c34ffa699daf26ad9fb204c58c3dafa598b815916d42be9b59749d954
